3?
2
Let y(p) = -p**3 - 2*p**2 - 1. What is the remainder when 30 is divided by y(-3)?
6
Suppose v - 12 = 2*p - 48, 5*p = -5*v + 105. Let t(b) = 6*b + 7. Calculate the remainder when t(5) is divided by p.
18
Let y = 15 + -7. Calculate the remainder when 22 is divided by y.
6
Let g(f) = f**3 - 10*f**2 + 11*f - 9. Let n be (-145)/(-15) + 2/(-3). What is the remainder when -2 - (-3 + 0) - -24 is divided by g(n)?
7
Let b = -11 - -29. What is the remainder when 1/(2/(-212)*-2) is divided by b?
17
Let f be (276/(-15) - 0)*-20. Let s = f + -138. Suppose -2*z + 7*z - s = 0. Calculate the remainder when z is divided by 16.
14
Suppose 2*z - p = -0*p + 15, 5*p = -3*z + 29. Suppose -7*k + 12*k = 155. Calculate the remainder when k is divided by z.
7
Let t(p) = p**2 - 3*p - 2. Let s be t(4). Let r = -3 - -6. Suppose -j = 3*c - 46, s*c - 70 = -2*c + r*j. What is the remainder when 31 is divided by c?
15
Let r(g) = -g**3 - 12*g**2 + 16. Calculate the remainder when r(-12) is divided by 3.
1
Let k(m) = m**3 - 5*m**2 - 2*m + 4. Let d be k(5). What is the remainder when 5 is divided by ((-3)/d)/((-2)/(-12))?
2
Let z = -3 + 18. Let r(i) = i + 2. What is the remainder when z is divided by r(4)?
3
Let i(t) = 10 - 2 - 4*t - t**2 - 1. Let o be i(-5). Calculate the remainder when o/1 + 11 - 0 is divided by 5.
3
Let h(k) = 5*k. Let u = 7 - 3. Suppose -s - 84 = -u*s. What is the remainder when s is divided by h(2)?
8
Suppose 0 = 4*u + 3 - 27. Calculate the remainder when 83 is divided by u.
5
Let k(r) = 9*r - 56. Calculate the remainder when k(14) is divided by 37.
33
Let s(r) = 4*r + 22. What is the remainder when s(10) is divided by 21?
20
Suppose -8*v - 20 = -12*v. Calculate the remainder when 24 is divided by v.
4
Let h = 179 - 145. What is the remainder when h is divided by 19?
15
Suppose 7*k = -a + 12*k + 13, 4*a + 2*k = 52. What is the remainder when a is divided by 7?
6
Let z(m) = 5*m - 2 + m**2 + m**2 - m. Let o(n) = -n**3 + n**2 - n + 25. What is the remainder when o(0) is divided by z(-4)?
11
Let j(t) = t**2 - t + 3. Suppose -b + 2*b - 49 = -2*m, 3*b - 4*m = 187. Calculate the remainder when b is divided by j(4).
12
Let x(b) = b**2 + 3*b - 7. Let g be x(-6). Suppose 3*l - 7 = g. Calculate the remainder when 17 is divided by l.
5
Let h be (-147)/6*-6 - 0. Let m = 207 - h. Suppose 4*z - m = -z. Calculate the remainder when 23 is divided by z.
11
Suppose -77 = 7*o - 18*o. Let w(p) = 5*p**2 - 2*p + 1. Calculate the remainder when o is divided by w(1).
3
Calculate the remainder when 21 is divided by ((-66)/(-88))/((-1)/(-8)).
3
Let g(f) = f**2 - f - 1. Let t = 6 + 1. Calculate the remainder when g(t) is divided by 11.
8
Suppose -3*s - 23 = 4*p - 5*p, 0 = -3*s - 15. Let o = 20 - p. Calculate the remainder when 22 is divided by o.
10
Let s = -5 + 14. What is the remainder when 26 is divided by s?
8
Let n = 20 + -26. What is the remainder when n/9*(-20 + 2) is divided by 7?
5
Let l = -13 + 21. Let u(s) = -s**2 + 10*s - 1. Let n be u(l). What is the remainder when (33/(-9))/((-1)/n) is divided by 19?
17
Suppose 5*n - 175 = 2*i, -97 = -4*n - i + 56. What is the remainder when 146 is divided by n?
35
Suppose 2*v = -2 + 10. Suppose -5*m + 0*s - 3*s + 122 = 0, v*s + 72 = 4*m. Calculate the remainder when m is divided by 12.
10
Let d(b) = b**3 - b**2 - 2*b + 2. Let c be d(2). Let o = 48 + -32. Suppose -c*v = -6*v + o, -4*v = -r - 11. Calculate the remainder when 9 is divided by r.
4
Let j = 6 + -4. Suppose w - j*r = -0*r + 65, -265 = -5*w - 2*r. What is the remainder when w is divided by 19?
17
Let t be 5/35 - (-2)/(-14). Calculate the remainder when 17 is divided by (t + -2)*(1 - 6).
7
Let o be ((-3)/(-6))/((-1)/(-2)). Let m be 0 + -1 - (1 - o). Let d = m - -3. What is the remainder when d is divided by 2?
0
Suppose 0 = 2*v, 5*h + v - 40 = -0*h. Let l = h + 11. What is the remainder when l is divided by 7?
5
Let o(h) = -12*h**3 + 3*h + 2. Calculate the remainder when ((-21)/4)/((-1)/4) is divided by o(-1).
10
Calculate the remainder when (4*-2)/((-16)/120) - 2 is divided by 15.
13
Suppose 43 + 17 = r. Suppose a = 4*o - 212, 2*a + 224 = 3*o + r. What is the remainder when o is divided by (18/5)/((-3)/(-15))?
16
Suppose g = 4*v + 27, 6*g - g - 30 = -v. Let k(s) = 5*s + 4. What is the remainder when k(3) is divided by g?
5
Let y(j) = j - 1. Let s be ((-1 - -2) + -1)/(-2). Suppose 3*i - 6 = -s*i. Calculate the remainder when i is divided by y(2).
0
Suppose z = -0*z + 17. Let a(c) = c**2 - 4*c + 12. Calculate the remainder when a(7) is divided by z.
16
Suppose -10*h + 17*h = 189. What is the remainder when h is divided by 1*(6 - -2 - -2)?
7
Let a be (6/(-4))/((-5)/(-10)). Calculate the remainder when 15 is divided by (-8)/6*(a - 0).
3
Suppose 4*y + 0*y = 264. Suppose -y + 0 = -2*r. Calculate the remainder when r is divided by (-2)/4 + (-37)/(-2).
15
Let p(r) = 9*r + 1. Let k be p(9). Suppose 3*i = 68 + k. Suppose -o + i = o. Calculate the remainder when o is divided by 9.
7
Let r be (-49)/14*4/(-7). Suppose s - 15 = -r*s. What is the remainder when 18 is divided by s?
3
Suppose 3 = -2*n - 25. Let x(u) = -2*u - 13. What is the remainder when 57 is divided by x(n)?
12
Let i(s) = 2*s + 3. Calculate the remainder when i(10) is divided by 8.
7
Suppose -3*w + 13 = -11. Suppose -4*l + 2*l + 46 = 0. Calculate the remainder when l is divided by w.
7
Let f = 173 - 120. Let d = -33 + f. Calculate the remainder when d is divided by 7.
6
Let c(k) = k + 1. Let o be c(-3). Let g(h) = -2*h**2 + 8*h - 5. Let m be g(5). What is the remainder when 33 is divided by (-252)/m - o/10?
16
Let t be 4/(-10) - (-296)/40. Suppose 5*n - 123 = -3*u, 3*n = t*n + u - 104. Let k = -9 - -19. Calculate the remainder when n is divided by k.
7
Let z(m) = -31*m + 8. Calculate the remainder when z(-4) is divided by 34.
30
Let j = -4 - -11. Let i(d) = -2*d**2 + 26*d - 19. What is the remainder when j is divided by i(12)?
2
Suppose -2*d + 13 - 3 = 4*m, d + 4 = m. Calculate the remainder when 8 is divided by m.
2
Let r = 4 - 2. Suppose -r*q + 19 = -29. Calculate the remainder when 188/4 - 8/4 is divided by q.
21
Suppose -135 - 9 = -3*l. Let r = -31 + l. What is the remainder when 48 is divided by r?
14
Suppose -3*b + 58 = 37. What is the remainder when 12 is divided by b?
5
Suppose r = -4*m + 15, r = -3*m + 8 + 2. Suppose -m*j - 45 = -120. Calculate the remainder when 42 is divided by j.
12
Let f = 6 - 4. Suppose -f*g + g = 3*w - 17, -4*w + 52 = 4*g. Calculate the remainder when 43 is divided by g.
10
Let o = 0 - -6. Suppose 2*k + 1 + 3 = 0. What is the remainder when 11*-2*k/4 is divided by o?
5
Let i be (1/(2/86))/1. Let f = 81 - i. What is the remainder when f is divided by 10?
8
Let t = 17 + 5. Suppose 3*w = 3*i + 36, 3*w + 5*i = -w + 12. Calculate the remainder when t is divided by w.
6
Let g(s) = s**2 + 22*s - 64. What is the remainder when 118 is divided by g(-26)?
38
Let x(w) = -4*w - 3. Suppose 2*b = 5*u + 126, -4*u + 3 = 2*b + 93. Let o = 62 + u. Calculate the remainder when o is divided by x(-4).
12
Let z be 145/((-6)/(-3) + -1). Suppose 4*h = -x + 110, -4*h + z - 25 = -4*x. Calculate the remainder when h is divided by 10.
8
Let u = -2 + 45. Calculate the remainder when u is divided by 15.
13
Let h be (-18)/(-30) + 74/10. Let p(i) = -i**3 + 9*i**2 - 6*i - 7. What is the remainder when 17 is divided by p(h)?
8
Let x(p) = 2*p**3 - p**2 + 1. Calculate the remainder when ((-96)/64)/(3*(-1)/46) is divided by x(2).
10
Let o = 14 + -11. Let j(f) = -f**2 + 8*f - 6. What is the remainder when j(5) is divided by o?
0
Let g(o) = o**3 + o**2 + 2*o + 28. Let v be g(0). Suppose 20 = 3*c - v. Calculate the remainder when 30 is divided by c.
14
Let q be (3/6)/(2/4). Calculate the remainder when 12/2*q/2 is divided by 2.
1
Calculate the remainder when (-3)/((-2)/((-80)/(-6))) is divided by 11.
9
Suppose 4*g + 5*c - 239 = 0, g - 47 = 5*c - 2*c. Calculate the remainder when 222 is divided by g.
54
Let o be 46/10 + 8/20. Suppose -o*a + 10 = -4*a. Let h = -33 + 62. What is the remainder when h is divided by a?
9
Suppose v = -4*w - 22, 2*w + 13 = -3*v - 3. Suppose 0 = 2*d + 34 - 86. What is the remainder when d is divided by ((-2)/w)/((-2)/(-70))?
12
Suppose 6*r - 199 = 329. Calculate the remainder when r is divided by 19.